ainder when 108 is divided by 40.
28
Calculate the remainder when 2483 is divided by 138.
137
Calculate the remainder when 2122 is divided by 193.
192
Calculate the remainder when 11173 is divided by 1015.
8
What is the remainder when 1670 is divided by 169?
149
Calculate the remainder when 1356 is divided by 75.
6
Calculate the remainder when 87 is divided by 32.
23
What is the remainder when 160 is divided by 103?
57
Calculate the remainder when 11 is divided by 7.
4
What is the remainder when 77 is divided by 73?
4
What is the remainder when 555 is divided by 183?
6
Calculate the remainder when 390 is divided by 43.
3
Calculate the remainder when 644 is divided by 132.
116
What is the remainder when 88 is divided by 6?
4
Calculate the remainder when 4129 is divided by 81.
79
Calculate the remainder when 210 is divided by 43.
38
Calculate the remainder when 216 is divided by 74.
68
What is the remainder when 3643 is divided by 304?
299
What is the remainder when 165 is divided by 137?
28
Calculate the remainder when 2101 is divided by 13.
8
What is the remainder when 96 is divided by 70?
26
What is the remainder when 38 is divided by 32?
6
Calculate the remainder when 213 is divided by 56.
45
What is the remainder when 954 is divided by 22?
8
Calculate the remainder when 3937 is divided by 20.
17
Calculate the remainder when 42 is divided by 23.
19
What is the remainder when 162 is divided by 17?
9
Calculate the remainder when 299 is divided by 154.
145
What is the remainder when 4174 is divided by 36?
34
What is the remainder when 27481 is divided by 4?
1
What is the remainder when 460 is divided by 58?
54
What is the remainder when 303 is divided by 5?
3
What is the remainder when 49 is divided by 5?
4
What is the remainder when 160 is divided by 110?
50
Calculate the remainder when 369 is divided by 96.
81
Calculate the remainder when 148 is divided by 75.
73
Calculate the remainder when 373 is divided by 54.
49
Calculate the remainder when 93 is divided by 12.
9
Calculate the remainder when 26 is divided by 14.
12
Calculate the remainder when 1636 is divided by 78.
76
Calculate the remainder when 1631 is divided by 43.
40
What is the remainder when 236 is divided by 5?
1
What is the remainder when 359 is divided by 102?
53
Calculate the remainder when 229 is divided by 64.
37
Calculate the remainder when 229 is divided by 26.
21
What is the remainder when 106 is divided by 32?
10
What is the remainder when 176 is divided by 45?
41
What is the remainder when 57 is divided by 6?
3
Calculate the remainder when 206 is divided by 14.
10
Calculate the remainder when 734 is divided by 242.
8
What is the remainder when 1462 is divided by 725?
12
Calculate the remainder when 237 is divided by 20.
17
What is the remainder when 156 is divided by 69?
18
What is the remainder when 721 is divided by 248?
225
What is the remainder when 426 is divided by 10?
6
Calculate the remainder when 2798 is divided by 50.
48
Calculate the remainder when 1503 is divided by 166.
9
What is the remainder when 649 is divided by 44?
33
Calculate the remainder when 295 is divided by 13.
9
What is the remainder when 507 is divided by 142?
81
What is the remainder when 301 is divided by 34?
29
What is the remainder when 513 is divided by 66?
51
Calculate the remainder when 120 is divided by 36.
12
What is the remainder when 25 is divided by 7?
4
Calculate the remainder when 1154 is divided by 243.
182
What is the remainder when 417 is divided by 100?
17
What is the remainder when 84 is divided by 9?
3
What is the remainder when 407 is divided by 24?
23
Calculate the remainder when 131 is divided by 22.
21
What is the remainder when 9 is divided by 5?
4
Calculate the remainder when 24532 is divided by 47.
45
Calculate the remainder when 42398 is divided by 21.
20
What is the remainder when 389 is divided by 28?
25
What is the remainder when 254 is divided by 8?
6
What is the remainder when 787 is divided by 80?
67
Calculate the remainder when 117 is divided by 41.
35
Calculate the remainder when 346 is divided by 58.
56
What is the remainder when 201 is divided by 87?
27
What is the remainder when 3350 is divided by 260?
230
What is the remainder when 78 is divided by 46?
32
Calculate the remainder when 679 is divided by 188.
115
Calculate the remainder when 679 is divided by 136.
135
What is the remainder when 1633 is divided by 276?
253
What is the remainder when 1344 is divided by 50?
44
Calculate the remainder when 59 is divided by 35.
24
What is the remainder when 42 is divided by 12?
6
What is the remainder when 83 is divided by 36?
11
What is the remainder when 1141 is divided by 44?
41
Calculate the remainder when 275 is divided by 139.
136
What is the remainder when 107 is divided by 8?
3
What is the remainder when 1047 is divided by 345?
12
Calculate the remainder when 3006 is divided by 373.
22
Calculate the remainder when 684 is divided by 138.
132
Calculate the remainder when 434 is divided by 430.
4
Calculate the remainder when 556 is divided by 43.
40
What is the remainder when 206 is divided by 7?
3
What is the remainder when 834 is divided by 31?
28
What is the remainder when 217 is divided by 11?
8
What is the remainder when 1357 is divided by 170?
167
What is the remainder when 230 is divided by 11?
10
Calculate the remainder when 413 is divided by 9.
8
What is the remainder when 13 is divided by 11?
2
Calculate the remainder when 1224 is divided by 1197.
27
Calculate the remainder when 4004 is divided by 64.
36
Calculate the remainder when 1176 is divided by 32.
24
Calculate the remainder when 424 is divided by 138.
10
Calculate the remainder when 390 is divided by 82.
62
What is the remainder when 1664 is divided by 30?
14
What is the remainder when 114 is divided by 66?
48
Calculate the remainder when 769 is divided by 237.
58
Calculate the remainder when 3187 is divided by 58.
55
Calculate the remainder when 515 is divided by 7.
4
Calculate the remainder when 297 is divided by 169.
128
What is the remainder when 151 is divided by 63?
25
Calculate the remainder when 5 is divided by 4.
1
What is the remainder when 103 is divided by 11?
4
What is the remainder when 397 is divided by 27?
19
What is the remainder when 296 is divided by 12?
8
Calculate the remainder when 247 is divided by 50.
47
What is the remainder when 284 is divided by 107?
70
What is the remainder when 1711 is divided by 76?
39
What is the remainder when 374 is divided by 18?
14
Calculate the remainder when 277 is divided by 35.
32
What is the remainder when 85 is divided by 37?
11
What is the remainder when 6750 is divided by 8?
6
What is the remainder when 24 is divided by 7?
3
What is the remainder when 1187 is divided by 20?
7
What is the remainder when 337 is divided by 43?
36
What is the remainder when 93 is divided by 45?
3
Calculate the remainder when 441 is divided by 45.
36
Calculate the remainder when 496 is divided by 482.
14
Calculate the remainder when 1049 is divided by 50.
49
What is the remainder when 169 is divided by 19?
17
Calculate the remainder when 663 is divided by 52.
39
What is the remainder when 22342 is divided by 49?
47
What is the remainder when 1107 is divided by 74?
71
Calculate the remainder when 1654 is divided by 299.
159
Calculate the remainder when 423 is divided by 62.
51
What is the remainder when 76 is divided by 21?
13
What is the remainder when 81 is divided by 17?
13
What is the remainder when 478 is divided by 10?
8
Calculate the remainder when 1144 is divided by 44.
0
What is the remainder when 942 is divided by 43?
39
Calculate the remainder when 237 is divided by 16.
13
What is the remainder when 922 is divided by 66?
64
Calculate the remainder when 174 is divided by 47.
33
What is the remainder when 116 is divided by 17?
14
What is the remainder when 241 is divided by 98?
45
What is the remainder when 10300 is divided by 224?
220
What is the remainder when 30 is divided by 10?
0
Calculate the remainder when 1005 is divided by 16.
13
What is the remainder when 140 is divided by 78?
62
Calculate the remainder when 913 is divided by 232.
217
Calculate the remainder when 8136 is divided by 7.
2
Calculate the remainder when 217 is divided